 4*o + 3. Let m(n) = n**3 + 9*n**2 + 8*n - 4. Let y be m(-8). Let c be q(y). Let j = c + 0. What is the remainder when 8 is divided by j?
2
Suppose 0*w = 3*w - 57. What is the remainder when 35 is divided by w?
16
Let v be (0 - 2) + 96/1. Suppose 5*i - v = -24. Let s(c) = -c**3 - 6*c**2 - 2*c - 9. Calculate the remainder when s(-7) is divided by i.
12
Suppose 3*f - 15 - 21 = 0. Suppose -d = -5*u + f, 3*u + 3*d = u + 15. What is the remainder when 9 is divided by u?
0
What is the remainder when 61 is divided by (2 - 3)*(-3 + -18)?
19
Suppose 3*n - 32 = -0*n + l, 0 = 3*l - 3. Suppose 5*d - d - 164 = 0. Calculate the remainder when d is divided by n.
8
Let y(f) = 2*f**2 + f - 10*f - 6 - 3*f**2. Let x(p) = -p**3 - 12*p**2 + 14*p + 6. Let k be x(-13). What is the remainder when 29 is divided by y(k)?
5
Suppose 224 = 3*j + 83. Calculate the remainder when j is divided by 24.
23
Let w(x) = -2*x**3 + x**2. Suppose 5*z - a + 4 = 0, -2*z + a + 2 = -3*a. Let b = z - 1. What is the remainder when w(b) is divided by 7?
6
Let x(z) = -z**2 - 11*z + 44. Calculate the remainder when 4 is divided by x(-14).
0
Let t be 1/((-3)/2 + 2). Suppose t*g = 4*g - 6. What is the remainder when 6 is divided by g?
0
Suppose 2*l - 3 = -2*h - 5, -l = -4*h - 14. Suppose -3*z - 326 = -5*p, -4*p = -2*z - 117 - 145. What is the remainder when p is divided by (-1)/(l/(-34) - 0)?
16
Let k be (-460)/(-24) + 2/(-12). Suppose k*w = 23*w - 112. What is the remainder when 83 is divided by w?
27
Suppose -4*c + 4*z = -84, -2*c + 5*z + 55 = c. Suppose 0*k = -2*k + 28. Calculate the remainder when c is divided by k.
11
Let u(o) = 2*o + 138. Let r be u(0). Suppose 4*k = 3*k + r. What is the remainder when k is divided by 35?
33
Let d be (15/6 - 0)*2. Suppose -h + 10 = d*n, -2*h + 24 = 2*n - 4. Calculate the remainder when h is divided by 8.
7
Suppose 5*b = 4*q + 104, -5*b - 2*q = -18 - 80. Suppose z - b = -4*w + 65, z + 35 = 2*w. What is the remainder when 57 is divided by w?
17
Let r = -80 + 130. Let f be (3 - (-3 - -3)) + -56. Let y = -36 - f. Calculate the remainder when r is divided by y.
16
Let z = 92 + -78. Calculate the remainder when 82 is divided by z.
12
Let g be (2 - -1)/((-3)/(-64)). Let s = -39 + g. What is the remainder when s is divided by 13?
12
What is the remainder when 15/(5/((-390)/(-9))) is divided by 22?
20
Let z = -1 - -2. Let u = 34 + -32. What is the remainder when 2 is divided by (u*2/4)/z?
0
Let j(i) = -i**3 + 8*i**2 - 4*i - 5. Suppose 0 = -4*p - p + 150. What is the remainder when p is divided by j(7)?
14
Let v(r) = 5*r**3 - 2*r**2 + r - 2. Suppose 0 = -p - 3*o + 2, 8 = 3*o + 23. Calculate the remainder when v(2) is divided by p.
15
Let v(a) = 6*a**2 - 3*a + 1. Let b = -6 - -8. What is the remainder when v(b) is divided by 7?
5
Let o be 5/(-10)*(-6 + 0). Suppose -2*z - o*z = 2*j - 32, 4*j - 4*z - 120 = 0. Calculate the remainder when j is divided by 7.
5
Let s(p) = -4*p**3 - p**2 + p + 1. What is the remainder when 9 is divided by s(-1)?
0
Let c(a) = -5*a + 64. What is the remainder when c(-19) is divided by 18?
15
Suppose -4*f + 3*f + 11 = 0. What is the remainder when 40 + (-3 - -1) + 4 is divided by f?
9
Suppose -49 = -7*y - 0*y. Calculate the remainder when 12 is divided by y.
5
Let g(f) = f**3 + f**2 + 2*f + 15. Calculate the remainder when 69 is divided by g(0).
9
Let g(y) = 12*y + 5. What is the remainder when g(2) is divided by 14?
1
Let t(o) = o**2 - 3*o - 2. Let j be t(-2). Let v be 110/j - (-2)/8. Suppose 4*h - 2*h - v = 0. Calculate the remainder when 19 is divided by h.
5
Let t = 2 + -2. Suppose t = -4*j + 8 + 240. Calculate the remainder when j is divided by 16.
14
Suppose 28 = -2*b + 4*b. Calculate the remainder when 39 is divided by b.
11
Let j(w) be the first derivative of w**3/3 - w**2 - 2*w - 2. Calculate the remainder when 35 is divided by j(4).
5
Calculate the remainder when 40 is divided by (9 + -16)/((-2)/6).
19
Let i be (-314)/(-16) + (-12)/(-32). Suppose 4*p + i = 0, -5*u + p + 45 = -15. What is the remainder when 19 is divided by u?
8
Suppose -2*s + 34 = l + 13, 4*s + l - 37 = 0. Calculate the remainder when 21 is divided by s.
5
Let l(y) be the first derivative of -y**2/2 - 3*y + 2. Suppose 4*g - 2*g - 8 = 0. What is the remainder when g is divided by l(-5)?
0
Let m = -600 - -644. Suppose -5*d = -24 - 21. Calculate the remainder when m is divided by d.
8
Suppose 4*j + b - 27 = -4*b, 5*j = -5*b + 30. What is the remainder when 7 is divided by j?
1
Suppose 2*a + a - 72 = 0. Let m = 35 - a. Suppose -2*b + 14 = u - 53, 3*b - 2*u = 90. What is the remainder when b is divided by m?
10
Let h = 64 + -13. Suppose -3*m - n = n - 47, 46 = 2*m + 5*n. Calculate the remainder when h is divided by m.
12
Let d = 62 - 29. Calculate the remainder when 195 is divided by d.
30
Suppose u = -w + 4, -4*w = -w + 2*u - 10. Calculate the remainder when 2 is divided by w.
0
Suppose -13 = 5*v - 43. Let r be (-21)/5 + 1/5. Let s = 8 + r. Calculate the remainder when v is divided by s.
2
Suppose 19*u = 17*u + 14. Calculate the remainder when 41 is divided by u.
6
Let y = -33 - -46. Let i(k) = -k**2 + 12*k - 8. Let l be i(11). Suppose -f = 2*s - 16, -f - 84 = -5*f - l*s. What is the remainder when f is divided by y?
11
Let r(f) = 3*f**2 + 3*f - 5. Let i(m) = -m + 2. Let t be i(0). Calculate the remainder when 24 is divided by r(t).
11
Suppose 44 = 2*d + 12. Calculate the remainder when 47 is divided by d.
15
Suppose 127 = 6*z - 191. What is the remainder when z is divided by 21?
11
Suppose 4*c - 1 - 31 = 0. Let g = 44 + 12. Suppose -v + 2*m - g = -4*v, -83 = -4*v - m. Calculate the remainder when v is divided by c.
6
Suppose -5*f = -y - 109, 3*y = f + f - 54. Suppose 0 = 4*i + 3*l - 50, 0 = 2*i - 2*l + 7*l - 32. What is the remainder when f is divided by i?
10
Let g(h) = -h**3 - 3*h**2 + 4*h + 5. Calculate the remainder when g(-5) is divided by 9.
8
Let j(f) = -f**3 + 5*f**2 + 9*f + 6. What is the remainder when j(6) is divided by 13 + 0 - (0 - 0)?
11
Let g = -23 - -73. What is the remainder when g is divided by 28?
22
Let q(k) = -k**2 + k + 1. Let r(z) = z**2 + 5*z - 4. Let x be r(-6). Let i be q(x). What is the remainder when 6 is divided by (3 - 0)*i + 7?
2
Let i be 6/(-33) + 3248/(-44). Let g = -45 - i. Calculate the remainder when 115 is divided by g.
28
Let i = -4 - -24. What is the remainder when 58 is divided by i?
18
Calculate the remainder when 33 is divided by -6 + 9 + 14 + 0.
16
Let t(v) = -v**3 + 6*v**2 + 8*v + 3. Let f be t(7). Suppose -2*g - x = -15 - f, x = g - 5. What is the remainder when (0 - (-55 - 2))*4/12 is divided by g?
9
Let y be (1 + 39)/(3/6). Suppose -4*z + f + 66 = 4*f, -4*f - y = -4*z. What is the remainder when 70 is divided by z?
16
Let b be ((-334)/(-6))/((-6)/18). Let z = -105 - b. Calculate the remainder when z is divided by 32.
30
Suppose -12 = -u + 7. Let s = -4 + 9. What is the remainder when u is divided by s?
4
Suppose 344 = 5*h + 3*h. Calculate the remainder when h is divided by 11.
10
Suppose -73 = -5*v + 27. Let z = -2 - -1. What is the remainder when v is divided by (-3)/(z + (-12)/(-21))?
6
Let w(j) = j**2 + 8*j + 10. Let m be w(-7). Suppose m*d - 21 = -0*d. Suppose 5*v - 65 = -0*v. What is the remainder when v is divided by d?
6
Let x = -16 + 32. Suppose 0 = -4*n + 31 - 7. What is the remainder when x is divided by n?
4
Let s = -1 + 4. Suppose 34 = s*j - 20. Suppose -2*f + o + 74 = 0, 3*f - 146 = o - 37. Calculate the remainder when f is divided by j.
17
Suppose 79 = 2*m - 3*x, m + 0*x = -x + 42. Calculate the remainder when m is divided by 14.
13
Let f(q) = 2*q**2 - 2. What is the remainder when 43 is divided by f(3)?
11
Suppose 0*x = 2*x. Let i be ((-48)/2)/(1 - x). Let l = i - -36. Calculate the remainder when 23 is divided by l.
11
Let p = 147 + -141. Calculate the remainder when 125 is divided by p.
5
Calculate the remainder when 38 - (-6)/2*1 is divided by 22.
19
Suppose 0*g - 3*g = -30. Let f(q) = -27*q. Suppose -2 = -m - 3. What is the remainder when f(m) is divided by g?
7
Let q be (-1)/(-6) - 137/(-6). Suppose -1 = -2*h + q. Let x(d) = -d**3 - 2*d**2 - d - 2. What is the remainder when x(-4) is divided by h?
10
Suppose 3*n = -6, 4*s + 0*s - 268 = -2*n. Calculate the remainder when s is divided by 14.
12
Let 